{"id":635,"date":"2014-03-10T22:37:54","date_gmt":"2014-03-10T20:37:54","guid":{"rendered":"http:\/\/www.fricsay.hu\/?page_id=635"},"modified":"2014-08-07T21:49:16","modified_gmt":"2014-08-07T19:49:16","slug":"mh-hodmezovasarhely-helyorsegzenekar","status":"publish","type":"page","link":"https:\/\/www.fricsay.hu\/?page_id=635","title":{"rendered":"MH H\u00f3dmez\u0151v\u00e1s\u00e1rhely Hely\u0151rs\u00e9gi Zenekar"},"content":{"rendered":"<p style=\"text-align: center;\"><a href=\"http:\/\/www.fricsay.hu\/wp-content\/uploads\/2014\/03\/Fejl\u00e9c10.jpg\"><img decoding=\"async\" loading=\"lazy\" class=\"alignnone size-large wp-image-747\" src=\"http:\/\/www.fricsay.hu\/wp-content\/uploads\/2014\/03\/Fejl\u00e9c10-1024x235.jpg\" alt=\"Fejl\u00e9c10\" width=\"640\" height=\"146\" srcset=\"https:\/\/www.fricsay.hu\/wp-content\/uploads\/2014\/03\/Fejl\u00e9c10-1024x235.jpg 1024w, https:\/\/www.fricsay.hu\/wp-content\/uploads\/2014\/03\/Fejl\u00e9c10-300x69.jpg 300w\" sizes=\"(max-width: 640px) 100vw, 640px\" \/><\/a><\/p>\n<p style=\"text-align: center;\"><a href=\"http:\/\/www.fricsay.hu\/wp-content\/uploads\/2014\/03\/MH-H\u00f3dmez\u0151v.jpg\"><img decoding=\"async\" loading=\"lazy\" class=\"alignnone size-full wp-image-643\" src=\"http:\/\/www.fricsay.hu\/wp-content\/uploads\/2014\/03\/MH-H\u00f3dmez\u0151v.jpg\" alt=\"MH H\u00f3dmez\u0151v\" width=\"1270\" height=\"1109\" srcset=\"https:\/\/www.fricsay.hu\/wp-content\/uploads\/2014\/03\/MH-H\u00f3dmez\u0151v.jpg 1270w, https:\/\/www.fricsay.hu\/wp-content\/uploads\/2014\/03\/MH-H\u00f3dmez\u0151v-300x261.jpg 300w, https:\/\/www.fricsay.hu\/wp-content\/uploads\/2014\/03\/MH-H\u00f3dmez\u0151v-1024x894.jpg 1024w\" sizes=\"(max-width: 1270px) 100vw, 1270px\" \/><\/a><\/p>\n","protected":false},"excerpt":{"rendered":"","protected":false},"author":1,"featured_media":0,"parent":0,"menu_order":0,"comment_status":"open","ping_status":"open","template":"","meta":{"ngg_post_thumbnail":0},"_links":{"self":[{"href":"https:\/\/www.fricsay.hu\/index.php?rest_route=\/wp\/v2\/pages\/635"}],"collection":[{"href":"https:\/\/www.fricsay.hu\/index.php?rest_route=\/wp\/v2\/pages"}],"about":[{"href":"https:\/\/www.fricsay.hu\/index.php?rest_route=\/wp\/v2\/types\/page"}],"author":[{"embeddable":true,"href":"https:\/\/www.fricsay.hu\/index.php?rest_route=\/wp\/v2\/users\/1"}],"replies":[{"embeddable":true,"href":"https:\/\/www.fricsay.hu\/index.php?rest_route=%2Fwp%2Fv2%2Fcomments&post=635"}],"version-history":[{"count":3,"href":"https:\/\/www.fricsay.hu\/index.php?rest_route=\/wp\/v2\/pages\/635\/revisions"}],"predecessor-version":[{"id":748,"href":"https:\/\/www.fricsay.hu\/index.php?rest_route=\/wp\/v2\/pages\/635\/revisions\/748"}],"wp:attachment":[{"href":"https:\/\/www.fricsay.hu\/index.php?rest_route=%2Fwp%2Fv2%2Fmedia&parent=635"}],"curies":[{"name":"wp","href":"https:\/\/api.w.org\/{rel}","templated":true}]}}