{"id":388,"date":"2013-11-22T09:36:38","date_gmt":"2013-11-22T07:36:38","guid":{"rendered":"http:\/\/www.fricsay.hu\/?page_id=388"},"modified":"2020-05-16T21:37:35","modified_gmt":"2020-05-16T19:37:35","slug":"hangasz","status":"publish","type":"page","link":"https:\/\/www.fricsay.hu\/?page_id=388","title":{"rendered":"Hang\u00e1sz"},"content":{"rendered":"<p>&nbsp;<\/p>\n<table>\n<tbody>\n<tr>\n<td style=\"width: 60px;\">\n<p><img decoding=\"async\" loading=\"lazy\" class=\"aligncenter wp-image-1128\" src=\"http:\/\/www.fricsay.hu\/wp-content\/uploads\/2020\/05\/Hang\u00e1sz-\u00fajs\u00e1g-eleje-OK-724x1024.jpg\" alt=\"\" width=\"212\" height=\"300\" srcset=\"https:\/\/www.fricsay.hu\/wp-content\/uploads\/2020\/05\/Hang\u00e1sz-\u00fajs\u00e1g-eleje-OK-724x1024.jpg 724w, https:\/\/www.fricsay.hu\/wp-content\/uploads\/2020\/05\/Hang\u00e1sz-\u00fajs\u00e1g-eleje-OK-212x300.jpg 212w, https:\/\/www.fricsay.hu\/wp-content\/uploads\/2020\/05\/Hang\u00e1sz-\u00fajs\u00e1g-eleje-OK-768x1086.jpg 768w\" sizes=\"(max-width: 212px) 100vw, 212px\" \/><\/p>\n<\/td>\n<\/tr>\n<tr>\n<td style=\"width: 60px; text-align: center;\"><a href=\"http:\/\/www.fricsay.hu\/wp-content\/uploads\/2020\/05\/2020.pdf\" target=\"_blank\" rel=\"noopener noreferrer\">Hang\u00e1sz (2020)<\/a><\/td>\n<\/tr>\n<\/tbody>\n<\/table>\n<p>&nbsp;<\/p>\n<table>\n<tbody>\n<tr>\n<td><a href=\"http:\/\/www.fricsay.hu\/wp-content\/uploads\/2020\/05\/Hang\u00e1sz-\u00fajs\u00e1g-eleje.png\"><img decoding=\"async\" loading=\"lazy\" class=\"aligncenter wp-image-1130\" src=\"http:\/\/www.fricsay.hu\/wp-content\/uploads\/2020\/05\/Hang\u00e1sz-\u00fajs\u00e1g-eleje-724x1024.png\" alt=\"\" width=\"214\" height=\"303\" srcset=\"https:\/\/www.fricsay.hu\/wp-content\/uploads\/2020\/05\/Hang\u00e1sz-\u00fajs\u00e1g-eleje-724x1024.png 724w, https:\/\/www.fricsay.hu\/wp-content\/uploads\/2020\/05\/Hang\u00e1sz-\u00fajs\u00e1g-eleje-212x300.png 212w, https:\/\/www.fricsay.hu\/wp-content\/uploads\/2020\/05\/Hang\u00e1sz-\u00fajs\u00e1g-eleje-768x1086.png 768w\" sizes=\"(max-width: 214px) 100vw, 214px\" \/><\/a><\/td>\n<\/tr>\n<tr>\n<td style=\"text-align: center;\"><a href=\"http:\/\/www.fricsay.hu\/wp-content\/uploads\/2020\/05\/2019.pdf\" target=\"_blank\" rel=\"noopener noreferrer\">Hang\u00e1sz (2019)<\/a><\/td>\n<\/tr>\n<\/tbody>\n<\/table>\n<p>&nbsp;<\/p>\n<p>&nbsp;<\/p>\n<p>&nbsp;<\/p>\n<p>&nbsp;<\/p>\n<p>&nbsp;<\/p>\n<p>&nbsp;<\/p>\n<p>&nbsp;<\/p>\n<p>&nbsp;<\/p>\n<p>&nbsp;<\/p>\n<p>&nbsp;<\/p>\n<p><a href=\"http:\/\/www.fricsay.hu\/wp-content\/uploads\/2020\/05\/Hang\u00e1sz-\u00fajs\u00e1g-eleje.jpg\"><img decoding=\"async\" loading=\"lazy\" class=\"alignleft  wp-image-1132\" src=\"http:\/\/www.fricsay.hu\/wp-content\/uploads\/2020\/05\/Hang\u00e1sz-\u00fajs\u00e1g-eleje-724x1024.jpg\" alt=\"\" width=\"213\" height=\"301\" srcset=\"https:\/\/www.fricsay.hu\/wp-content\/uploads\/2020\/05\/Hang\u00e1sz-\u00fajs\u00e1g-eleje-724x1024.jpg 724w, https:\/\/www.fricsay.hu\/wp-content\/uploads\/2020\/05\/Hang\u00e1sz-\u00fajs\u00e1g-eleje-212x300.jpg 212w, https:\/\/www.fricsay.hu\/wp-content\/uploads\/2020\/05\/Hang\u00e1sz-\u00fajs\u00e1g-eleje-768x1086.jpg 768w\" sizes=\"(max-width: 213px) 100vw, 213px\" \/><\/a><\/p>\n<p>&nbsp;<\/p>\n<p>&nbsp;<\/p>\n<p>&nbsp;<\/p>\n<p>&nbsp;<\/p>\n<p>&nbsp;<\/p>\n<p>&nbsp;<\/p>\n<p>&nbsp;<\/p>\n<p><a href=\"http:\/\/www.fricsay.hu\/wp-content\/uploads\/2020\/05\/Hang\u00e1sz-\u00fajs\u00e1g-eleje-1.jpg\"><img decoding=\"async\" loading=\"lazy\" class=\"alignleft  wp-image-1133\" src=\"http:\/\/www.fricsay.hu\/wp-content\/uploads\/2020\/05\/Hang\u00e1sz-\u00fajs\u00e1g-eleje-1-724x1024.jpg\" alt=\"\" width=\"213\" height=\"301\" srcset=\"https:\/\/www.fricsay.hu\/wp-content\/uploads\/2020\/05\/Hang\u00e1sz-\u00fajs\u00e1g-eleje-1-724x1024.jpg 724w, https:\/\/www.fricsay.hu\/wp-content\/uploads\/2020\/05\/Hang\u00e1sz-\u00fajs\u00e1g-eleje-1-212x300.jpg 212w, https:\/\/www.fricsay.hu\/wp-content\/uploads\/2020\/05\/Hang\u00e1sz-\u00fajs\u00e1g-eleje-1-768x1086.jpg 768w\" sizes=\"(max-width: 213px) 100vw, 213px\" \/><\/a><\/p>\n<p>&nbsp;<\/p>\n<p>&nbsp;<\/p>\n<p>&nbsp;<\/p>\n<p>&nbsp;<\/p>\n<p>&nbsp;<\/p>\n<p>&nbsp;<\/p>\n<p>&nbsp;<\/p>\n<p>&nbsp;<\/p>\n<p>&nbsp;<\/p>\n\n\n<p><\/p>\n","protected":false},"excerpt":{"rendered":"<p>&nbsp; Hang\u00e1sz (2020) &nbsp; Hang\u00e1sz (2019) &nbsp; &nbsp; &nbsp; &nbsp; &nbsp; &nbsp; &nbsp; &nbsp; &nbsp; &nbsp; &nbsp; &nbsp; &nbsp; &nbsp; &nbsp; &nbsp; &nbsp; &nbsp; &nbsp; &nbsp; &nbsp; &nbsp; &nbsp; &nbsp; &nbsp; &nbsp;<\/p>\n","protected":false},"author":1,"featured_media":0,"parent":0,"menu_order":0,"comment_status":"open","ping_status":"open","template":"","meta":{"ngg_post_thumbnail":0},"_links":{"self":[{"href":"https:\/\/www.fricsay.hu\/index.php?rest_route=\/wp\/v2\/pages\/388"}],"collection":[{"href":"https:\/\/www.fricsay.hu\/index.php?rest_route=\/wp\/v2\/pages"}],"about":[{"href":"https:\/\/www.fricsay.hu\/index.php?rest_route=\/wp\/v2\/types\/page"}],"author":[{"embeddable":true,"href":"https:\/\/www.fricsay.hu\/index.php?rest_route=\/wp\/v2\/users\/1"}],"replies":[{"embeddable":true,"href":"https:\/\/www.fricsay.hu\/index.php?rest_route=%2Fwp%2Fv2%2Fcomments&post=388"}],"version-history":[{"count":21,"href":"https:\/\/www.fricsay.hu\/index.php?rest_route=\/wp\/v2\/pages\/388\/revisions"}],"predecessor-version":[{"id":1200,"href":"https:\/\/www.fricsay.hu\/index.php?rest_route=\/wp\/v2\/pages\/388\/revisions\/1200"}],"wp:attachment":[{"href":"https:\/\/www.fricsay.hu\/index.php?rest_route=%2Fwp%2Fv2%2Fmedia&parent=388"}],"curies":[{"name":"wp","href":"https:\/\/api.w.org\/{rel}","templated":true}]}}